{"id":15,"date":"2016-03-28T00:14:24","date_gmt":"2016-03-27T22:14:24","guid":{"rendered":"http:\/\/dina-savi.de\/?page_id=15"},"modified":"2020-01-30T11:22:27","modified_gmt":"2020-01-30T10:22:27","slug":"kurse","status":"publish","type":"page","link":"https:\/\/dina-savi.de\/fr\/kurse\/","title":{"rendered":"Beaux Arts en France"},"content":{"rendered":"<p>Peindre et dessiner, du <strong>19 ao\u00fbt au 26 ao\u00fbt 2017, <\/strong>en Charente, avec Dina Savi \u00e0 la ferme domaniale \u201cChantemerle\u201c et dans les environs pittoresques de Marsac, pr\u00e8s d&rsquo;\u00a0 Angoul\u00eame.<\/p>\n<div id='gallery-2' class='gallery galleryid-15 gallery-columns-2 gallery-size-full'><dl class='gallery-item'>\n\t\t\t<dt class='gallery-icon landscape'>\n\t\t\t\t<a href='https:\/\/dina-savi.de\/fr\/kurse\/foto-tor-chantemerle\/'><img width=\"803\" height=\"537\" src=\"https:\/\/dina-savi.de\/wp-content\/uploads\/2016\/03\/foto-tor-chantemerle-e1466455488161.jpg\" class=\"attachment-full size-full\" alt=\"\" loading=\"lazy\" \/><\/a>\n\t\t\t<\/dt><\/dl><dl class='gallery-item'>\n\t\t\t<dt class='gallery-icon landscape'>\n\t\t\t\t<a href='https:\/\/dina-savi.de\/fr\/kurse\/bild1\/'><img width=\"717\" height=\"537\" src=\"https:\/\/dina-savi.de\/wp-content\/uploads\/2016\/03\/bild1-e1466455518344.jpg\" class=\"attachment-full size-full\" alt=\"\" loading=\"lazy\" \/><\/a>\n\t\t\t<\/dt><\/dl><br style=\"clear: both\" \/>\n\t\t<\/div>\n\n<p>Un s\u00e9minaire de 7 jours pour les n\u00e9ophytes et ceux qui ont fait des progr\u00e8s d\u00e9j\u00e0, \u00e0 la ferme domaniale historique de Chantemerle fond\u00e9e en 1834. Les \u00e9difices qui durant les cinq ann\u00e9es pass\u00e9es ont \u00e9t\u00e9 soigneusement r\u00e9nov\u00e9s avec des mat\u00e9riaux naturels, offrent des motifs instantan\u00e9s qui invitent \u00e0 dessiner et \u00e0 peindre: de vieux murs en pierres naturelles et des tonneaux de vin, des arrosoirs en zinc, des abreuvoirs et des auges en pierres, d&rsquo; anciennes machines agricoles et de vieux r\u00e9cipients. La v\u00e9g\u00e9tation de la r\u00e9gion: bois de ch\u00eanes noueux, arbres fruitiers, passeroses, lavande et romarin devant des cubes en pierre, des animaux dans des paysages fermiers, des arcs en pierre qui forment le portail d&rsquo; entr\u00e9e historique. La ferme certifi\u00e9e \u201cbio\u201c, cercle de 30 hectars de for\u00eat et de pr\u00e9s, est une pension \u00e0 chevaux en pleine nature. Elle a re\u00e7u le \u201cPrix Coup de C\u0153ur G\u00eetes de France 2016\u201c dans la categorie \u201ch\u00e9bergement responsable\u201c. <a href=\"http:\/\/www.chantemerle.fr\/\">www.chantemerle.fr<\/a><\/p>\n<p>Sur les lieux nous composerons de ce monde riche en motifs des natures mortes et des int\u00e9rieurs. En v\u00e9lo et arm\u00e9s de nos outils de peinture nous irons sur les traces de paysages pittoresques: le long de la Charente, dans le petit village Marsac, au ch\u00e2teau de Balzac et sur le \u201cChemin des trois lavoirs\u201c \u2013 traversant le doux paysage plein de collines, avec ses vignes, ses bois de ch\u00eanes, ses champs de c\u00e9r\u00e9ales et de tournesols.<\/p>\n<p>Vous serez accompagn\u00e9s d&rsquo; une experte pour vous initier \u00e0 une activit\u00e9 cr\u00e9ative en dessinant et en peignant et qui vous procurera la sensation de vivre en vous l&rsquo; unit\u00e9 du corps, de l&rsquo; esprit et de l&rsquo;\u00e2me.<\/p>\n<p><img loading=\"lazy\" class=\"wp-image-117 size-medium aligncenter\" src=\"http:\/\/dina-savi.de\/wp-content\/uploads\/2016\/03\/DSC_5635_a-300x214.jpg\" alt=\"DSC_5635_a\" width=\"300\" height=\"214\" srcset=\"https:\/\/dina-savi.de\/wp-content\/uploads\/2016\/03\/DSC_5635_a-300x214.jpg 300w, https:\/\/dina-savi.de\/wp-content\/uploads\/2016\/03\/DSC_5635_a-768x547.jpg 768w, https:\/\/dina-savi.de\/wp-content\/uploads\/2016\/03\/DSC_5635_a.jpg 1000w\" sizes=\"(max-width: 300px) 100vw, 300px\" \/><\/p>\n<p>Dina Savi \u2013 n\u00e9e en 1957 \u00e0 Belluno, Italie. \u2013 Etudes \u00e0 l&rsquo; institut\u00a0 \u201cSchool of Fine Arts\u201c, Addis Abeba Ethiopie, entre autres chez\u00a0 Sylvie LeSeach, France, Barbara Tesfaye Parker, Pologne et\u00a0 Michael Gnade, Allemagne. Ind\u00e9pendante depuis 1996, elle dirige\u00a0\u00a0 des s\u00e9minaires de dessin et de peinture: portraits, nus, figures,\u00a0 natures mortes et und paysages. Elle a particip\u00e9 \u00e0 diff\u00e9rents projets\u00a0 de livres et de films. <a href=\"http:\/\/www.dina-savi.de\/\">www.dina-savi.de<br \/>\n<\/a><br \/>\nLe prix par personne pour 7 nuit\u00e9es en demi-pension avec collation \u00e0 midi incluant les frais pour le s\u00e9minaire et les mat\u00e9riaux de dessin et de peinture (p. ex.: crayons de charbon, craies de pastel et diff\u00e9rentes feuilles de papiers) est \u00e0 partir de 735 \u20ac, vos propres frais de voyage n&rsquo;\u00e9tant pas inclus. Nous disposons de chevalets d&rsquo; atelier et de bicyclettes. Vous \u00eates pri\u00e9s d&rsquo; amener d&rsquo;autres mat\u00e9riaux (p. ex.: portes-tableaux, chevalets champ\u00eatres et tabourets pliables).<\/p>\n<p>Pour de plus amples renseignements veuillez consulter la feuille d&rsquo; inscription :<\/p>\n<p style=\"text-align: center;\"><a href=\"https:\/\/dina-savi.de\/fr\/?ddownload=171\" title=\"Download\" rel=\"nofollow\" class=\"ddownload-button button-blue id-171 ext-pdf\">Download<\/a> 2,2 Mo<\/p>\n<p><\/p>","protected":false},"excerpt":{"rendered":"<p>Peindre et dessiner, du 19 ao\u00fbt au 26 ao\u00fbt 2017, en Charente, avec Dina Savi \u00e0 la ferme domaniale \u201cChantemerle\u201c et dans les environs pittoresques de Marsac, pr\u00e8s d&rsquo;\u00a0 Angoul\u00eame. Un s\u00e9minaire de 7 jours pour les n\u00e9ophytes et ceux qui ont fait des progr\u00e8s d\u00e9j\u00e0, \u00e0 la ferme domaniale historique de Chantemerle fond\u00e9e en 1834. Les \u00e9difices qui durant les cinq ann\u00e9es pass\u00e9es ont \u00e9t\u00e9 soigneusement r\u00e9nov\u00e9s avec des&hellip;<\/p>\n","protected":false},"author":2,"featured_media":0,"parent":0,"menu_order":0,"comment_status":"closed","ping_status":"open","template":"","meta":{"ngg_post_thumbnail":0},"yoast_head":"<!-- This site is optimized with the Yoast SEO plugin v16.0.2 - https:\/\/yoast.com\/wordpress\/plugins\/seo\/ -->\n<title>Beaux Arts en France - Dina Savi<\/title>\n<link rel=\"canonical\" href=\"https:\/\/dina-savi.de\/en\/kurse\/\" \/>\n<meta property=\"og:locale\" content=\"fr_FR\" \/>\n<meta property=\"og:type\" content=\"article\" \/>\n<meta property=\"og:title\" content=\"Beaux Arts en France - Dina Savi\" \/>\n<meta property=\"og:description\" content=\"Peindre et dessiner, du 19 ao\u00fbt au 26 ao\u00fbt 2017, en Charente, avec Dina Savi \u00e0 la ferme domaniale \u201cChantemerle\u201c et dans les environs pittoresques de Marsac, pr\u00e8s d&rsquo;\u00a0 Angoul\u00eame. Un s\u00e9minaire de 7 jours pour les n\u00e9ophytes et ceux qui ont fait des progr\u00e8s d\u00e9j\u00e0, \u00e0 la ferme domaniale historique de Chantemerle fond\u00e9e en 1834. Les \u00e9difices qui durant les cinq ann\u00e9es pass\u00e9es ont \u00e9t\u00e9 soigneusement r\u00e9nov\u00e9s avec des&hellip;\" \/>\n<meta property=\"og:url\" content=\"https:\/\/dina-savi.de\/en\/kurse\/\" \/>\n<meta property=\"og:site_name\" content=\"Dina Savi\" \/>\n<meta property=\"article:modified_time\" content=\"2020-01-30T10:22:27+00:00\" \/>\n<meta property=\"og:image\" content=\"http:\/\/dina-savi.de\/wp-content\/uploads\/2016\/03\/foto-tor-chantemerle-e1466455488161.jpg\" \/>\n<meta name=\"twitter:card\" content=\"summary\" \/>\n<meta name=\"twitter:label1\" content=\"Dur\u00e9e de lecture est.\">\n\t<meta name=\"twitter:data1\" content=\"4 minutes\">\n<script type=\"application\/ld+json\" class=\"yoast-schema-graph\">{\"@context\":\"https:\/\/schema.org\",\"@graph\":[{\"@type\":\"WebSite\",\"@id\":\"https:\/\/dina-savi.de\/en\/#website\",\"url\":\"https:\/\/dina-savi.de\/en\/\",\"name\":\"Dina Savi\",\"description\":\"Peinture et Dessin\",\"potentialAction\":[{\"@type\":\"SearchAction\",\"target\":\"https:\/\/dina-savi.de\/en\/?s={search_term_string}\",\"query-input\":\"required name=search_term_string\"}],\"inLanguage\":\"fr-FR\"},{\"@type\":\"ImageObject\",\"@id\":\"https:\/\/dina-savi.de\/en\/kurse\/#primaryimage\",\"inLanguage\":\"fr-FR\",\"url\":\"http:\/\/dina-savi.de\/wp-content\/uploads\/2016\/03\/DSC_5635_a-300x214.jpg\"},{\"@type\":\"WebPage\",\"@id\":\"https:\/\/dina-savi.de\/en\/kurse\/#webpage\",\"url\":\"https:\/\/dina-savi.de\/en\/kurse\/\",\"name\":\"Beaux Arts en France - Dina Savi\",\"isPartOf\":{\"@id\":\"https:\/\/dina-savi.de\/en\/#website\"},\"primaryImageOfPage\":{\"@id\":\"https:\/\/dina-savi.de\/en\/kurse\/#primaryimage\"},\"datePublished\":\"2016-03-27T22:14:24+00:00\",\"dateModified\":\"2020-01-30T10:22:27+00:00\",\"breadcrumb\":{\"@id\":\"https:\/\/dina-savi.de\/en\/kurse\/#breadcrumb\"},\"inLanguage\":\"fr-FR\",\"potentialAction\":[{\"@type\":\"ReadAction\",\"target\":[\"https:\/\/dina-savi.de\/en\/kurse\/\"]}]},{\"@type\":\"BreadcrumbList\",\"@id\":\"https:\/\/dina-savi.de\/en\/kurse\/#breadcrumb\",\"itemListElement\":[{\"@type\":\"ListItem\",\"position\":1,\"item\":{\"@type\":\"WebPage\",\"@id\":\"https:\/\/dina-savi.de\/en\/\",\"url\":\"https:\/\/dina-savi.de\/en\/\",\"name\":\"Home\"}},{\"@type\":\"ListItem\",\"position\":2,\"item\":{\"@type\":\"WebPage\",\"@id\":\"https:\/\/dina-savi.de\/en\/kurse\/\",\"url\":\"https:\/\/dina-savi.de\/en\/kurse\/\",\"name\":\"Zeichnen und Malen in der Charente\"}}]}]}<\/script>\n<!-- \/ Yoast SEO plugin. -->","_links":{"self":[{"href":"https:\/\/dina-savi.de\/fr\/wp-json\/wp\/v2\/pages\/15"}],"collection":[{"href":"https:\/\/dina-savi.de\/fr\/wp-json\/wp\/v2\/pages"}],"about":[{"href":"https:\/\/dina-savi.de\/fr\/wp-json\/wp\/v2\/types\/page"}],"author":[{"embeddable":true,"href":"https:\/\/dina-savi.de\/fr\/wp-json\/wp\/v2\/users\/2"}],"replies":[{"embeddable":true,"href":"https:\/\/dina-savi.de\/fr\/wp-json\/wp\/v2\/comments?post=15"}],"version-history":[{"count":102,"href":"https:\/\/dina-savi.de\/fr\/wp-json\/wp\/v2\/pages\/15\/revisions"}],"predecessor-version":[{"id":1424,"href":"https:\/\/dina-savi.de\/fr\/wp-json\/wp\/v2\/pages\/15\/revisions\/1424"}],"wp:attachment":[{"href":"https:\/\/dina-savi.de\/fr\/wp-json\/wp\/v2\/media?parent=15"}],"curies":[{"name":"wp","href":"https:\/\/api.w.org\/{rel}","templated":true}]}}

<p>Peindre et dessiner, du <strong>19 août au 26 août 2017, </strong>en Charente, avec Dina Savi à la ferme domaniale “Chantemerle“ et dans les environs pittoresques de Marsac, près d&rsquo;  Angoulême.</p>
<div id='gallery-2' class='gallery galleryid-15 gallery-columns-2 gallery-size-full'><dl class='gallery-item'>
			<dt class='gallery-icon landscape'>
				<a href='https://dina-savi.de/fr/kurse/foto-tor-chantemerle/'><img width="803" height="537" src="https://dina-savi.de/wp-content/uploads/2016/03/foto-tor-chantemerle-e1466455488161.jpg" class="attachment-full size-full" alt="" loading="lazy" /></a>
			</dt></dl><dl class='gallery-item'>
			<dt class='gallery-icon landscape'>
				<a href='https://dina-savi.de/fr/kurse/bild1/'><img width="717" height="537" src="https://dina-savi.de/wp-content/uploads/2016/03/bild1-e1466455518344.jpg" class="attachment-full size-full" alt="" loading="lazy" /></a>
			</dt></dl><br style="clear: both" />
		</div>

<p>Un séminaire de 7 jours pour les néophytes et ceux qui ont fait des progrès déjà, à la ferme domaniale historique de Chantemerle fondée en 1834. Les édifices qui durant les cinq années passées ont été soigneusement rénovés avec des matériaux naturels, offrent des motifs instantanés qui invitent à dessiner et à peindre: de vieux murs en pierres naturelles et des tonneaux de vin, des arrosoirs en zinc, des abreuvoirs et des auges en pierres, d&rsquo; anciennes machines agricoles et de vieux récipients. La végétation de la région: bois de chênes noueux, arbres fruitiers, passeroses, lavande et romarin devant des cubes en pierre, des animaux dans des paysages fermiers, des arcs en pierre qui forment le portail d&rsquo; entrée historique. La ferme certifiée “bio“, cercle de 30 hectars de forêt et de prés, est une pension à chevaux en pleine nature. Elle a reçu le “Prix Coup de Cœur Gîtes de France 2016“ dans la categorie “hébergement responsable“. <a href="http://www.chantemerle.fr/">www.chantemerle.fr</a></p>
<p>Sur les lieux nous composerons de ce monde riche en motifs des natures mortes et des intérieurs. En vélo et armés de nos outils de peinture nous irons sur les traces de paysages pittoresques: le long de la Charente, dans le petit village Marsac, au château de Balzac et sur le “Chemin des trois lavoirs“ – traversant le doux paysage plein de collines, avec ses vignes, ses bois de chênes, ses champs de céréales et de tournesols.</p>
<p>Vous serez accompagnés d&rsquo; une experte pour vous initier à une activité créative en dessinant et en peignant et qui vous procurera la sensation de vivre en vous l&rsquo; unité du corps, de l&rsquo; esprit et de l&rsquo;âme.</p>
<p><img loading="lazy" class="wp-image-117 size-medium aligncenter" src="http://dina-savi.de/wp-content/uploads/2016/03/DSC_5635_a-300x214.jpg" alt="DSC_5635_a" width="300" height="214" srcset="https://dina-savi.de/wp-content/uploads/2016/03/DSC_5635_a-300x214.jpg 300w, https://dina-savi.de/wp-content/uploads/2016/03/DSC_5635_a-768x547.jpg 768w, https://dina-savi.de/wp-content/uploads/2016/03/DSC_5635_a.jpg 1000w" sizes="(max-width: 300px) 100vw, 300px" /></p>
<p>Dina Savi – née en 1957 à Belluno, Italie. – Etudes à l&rsquo; institut  “School of Fine Arts“, Addis Abeba Ethiopie, entre autres chez  Sylvie LeSeach, France, Barbara Tesfaye Parker, Pologne et  Michael Gnade, Allemagne. Indépendante depuis 1996, elle dirige   des séminaires de dessin et de peinture: portraits, nus, figures,  natures mortes et und paysages. Elle a participé à différents projets  de livres et de films. <a href="http://www.dina-savi.de/">www.dina-savi.de<br />
</a><br />
Le prix par personne pour 7 nuitées en demi-pension avec collation à midi incluant les frais pour le séminaire et les matériaux de dessin et de peinture (p. ex.: crayons de charbon, craies de pastel et différentes feuilles de papiers) est à partir de 735 €, vos propres frais de voyage n&rsquo;étant pas inclus. Nous disposons de chevalets d&rsquo; atelier et de bicyclettes. Vous êtes priés d&rsquo; amener d&rsquo;autres matériaux (p. ex.: portes-tableaux, chevalets champêtres et tabourets pliables).</p>
<p>Pour de plus amples renseignements veuillez consulter la feuille d&rsquo; inscription :</p>
<p style="text-align: center;"><a href="https://dina-savi.de/fr/?ddownload=171" title="Download" rel="nofollow" class="ddownload-button button-blue id-171 ext-pdf">Download</a> 2,2 Mo</p>
<p></p>

<p>Peindre et dessiner, du 19 août au 26 août 2017, en Charente, avec Dina Savi à la ferme domaniale “Chantemerle“ et dans les environs pittoresques de Marsac, près d&rsquo;  Angoulême. Un séminaire de 7 jours pour les néophytes et ceux qui ont fait des progrès déjà, à la ferme domaniale historique de Chantemerle fondée en 1834. Les édifices qui durant les cinq années passées ont été soigneusement rénovés avec des&hellip;</p>

<!-- This site is optimized with the Yoast SEO plugin v16.0.2 - https://yoast.com/wordpress/plugins/seo/ -->
<title>Beaux Arts en France - Dina Savi</title>
<link rel="canonical" href="https://dina-savi.de/en/kurse/" />
<meta property="og:locale" content="fr_FR" />
<meta property="og:type" content="article" />
<meta property="og:title" content="Beaux Arts en France - Dina Savi" />
<meta property="og:description" content="Peindre et dessiner, du 19 août au 26 août 2017, en Charente, avec Dina Savi à la ferme domaniale “Chantemerle“ et dans les environs pittoresques de Marsac, près d&rsquo;  Angoulême. Un séminaire de 7 jours pour les néophytes et ceux qui ont fait des progrès déjà, à la ferme domaniale historique de Chantemerle fondée en 1834. Les édifices qui durant les cinq années passées ont été soigneusement rénovés avec des&hellip;" />
<meta property="og:url" content="https://dina-savi.de/en/kurse/" />
<meta property="og:site_name" content="Dina Savi" />
<meta property="article:modified_time" content="2020-01-30T10:22:27+00:00" />
<meta property="og:image" content="http://dina-savi.de/wp-content/uploads/2016/03/foto-tor-chantemerle-e1466455488161.jpg" />
<meta name="twitter:card" content="summary" />
<meta name="twitter:label1" content="Durée de lecture est.">
	<meta name="twitter:data1" content="4 minutes">
<script type="application/ld+json" class="yoast-schema-graph">{"@context":"https://schema.org","@graph":[{"@type":"WebSite","@id":"https://dina-savi.de/en/#website","url":"https://dina-savi.de/en/","name":"Dina Savi","description":"Peinture et Dessin","potentialAction":[{"@type":"SearchAction","target":"https://dina-savi.de/en/?s={search_term_string}","query-input":"required name=search_term_string"}],"inLanguage":"fr-FR"},{"@type":"ImageObject","@id":"https://dina-savi.de/en/kurse/#primaryimage","inLanguage":"fr-FR","url":"http://dina-savi.de/wp-content/uploads/2016/03/DSC_5635_a-300x214.jpg"},{"@type":"WebPage","@id":"https://dina-savi.de/en/kurse/#webpage","url":"https://dina-savi.de/en/kurse/","name":"Beaux Arts en France - Dina Savi","isPartOf":{"@id":"https://dina-savi.de/en/#website"},"primaryImageOfPage":{"@id":"https://dina-savi.de/en/kurse/#primaryimage"},"datePublished":"2016-03-27T22:14:24+00:00","dateModified":"2020-01-30T10:22:27+00:00","breadcrumb":{"@id":"https://dina-savi.de/en/kurse/#breadcrumb"},"inLanguage":"fr-FR","potentialAction":[{"@type":"ReadAction","target":["https://dina-savi.de/en/kurse/"]}]},{"@type":"BreadcrumbList","@id":"https://dina-savi.de/en/kurse/#breadcrumb","itemListElement":[{"@type":"ListItem","position":1,"item":{"@type":"WebPage","@id":"https://dina-savi.de/en/","url":"https://dina-savi.de/en/","name":"Home"}},{"@type":"ListItem","position":2,"item":{"@type":"WebPage","@id":"https://dina-savi.de/en/kurse/","url":"https://dina-savi.de/en/kurse/","name":"Zeichnen und Malen in der Charente"}}]}]}</script>
<!-- / Yoast SEO plugin. -->
